{"id":8230,"date":"2026-04-27T11:22:34","date_gmt":"2026-04-27T10:22:34","guid":{"rendered":"https:\/\/www.ferrolcultura.gal\/?post_type=event&#038;p=8230"},"modified":"2026-04-27T11:25:09","modified_gmt":"2026-04-27T10:25:09","slug":"lenda-artabra","status":"publish","type":"event","link":"https:\/\/www.ferrolcultura.gal\/index.php\/event\/lenda-artabra\/","title":{"rendered":"LENDA \u00c1RTABRA"},"content":{"rendered":"\n<p>O grupo de m\u00fasica folk ferrol\u00e1n <em>Lenda \u00c1rtabra<\/em> fai un percorrido musical por temas dos seus dous discos publicados, <em>Noites de Lenda<\/em> e <em>Din de Min. <\/em>Concerto inclu\u00eddo na celebraci\u00f3n das Letras Galegas 2026.<\/p>\n\n\n\n<!--more-->\n\n\n\n<p><strong>ENTRADAS<\/strong><\/p>\n\n\n\n<p>Entrada de balde <\/p>\n\n\n\n<hr class=\"wp-block-separator has-alpha-channel-opacity\"\/>\n\n\n\n<p>El grupo de m\u00fasica folk ferrolano <em>Lenda \u00c1rtabra<\/em> hace un recorrido musical por temas de sus dos discos publicados, <em>Noites de Lenda<\/em> e <em>Din de Min<\/em>. Concierto inclu\u00eddo en la celebraci\u00f3n de las Letras Gallegas 2026. <\/p>\n\n\n\n<p><strong>ENTRADAS<\/strong><\/p>\n\n\n\n<p>Entrada gratuita<\/p>\n\n\n\n<p><\/p>\n","protected":false},"excerpt":{"rendered":"<p>O grupo de m\u00fasica folk ferrol\u00e1n Lenda \u00c1rtabra fai un percorrido musical por temas dos seus dous discos publicados, Noites de Lenda e Din de Min. Concerto inclu\u00eddo na celebraci\u00f3n das Letras Galegas 2026.<\/p>\n","protected":false},"author":9,"featured_media":8232,"comment_status":"closed","ping_status":"closed","template":"","meta":{"_monsterinsights_skip_tracking":false,"_monsterinsights_sitenote_active":false,"_monsterinsights_sitenote_note":"","_monsterinsights_sitenote_category":0,"footnotes":""},"eventcat":[36],"organizer":[],"event_tags":[],"location":[85],"class_list":["post-8230","event","type-event","status-publish","has-post-thumbnail","hentry","eventcat-musica","location-torrente-ballester"],"yoast_head":"<!-- This site is optimized with the Yoast SEO plugin v27.0 - https:\/\/yoast.com\/product\/yoast-seo-wordpress\/ -->\r\n<title>LENDA \u00c1RTABRA - Ferrol Cultura<\/title>\r\n<meta name=\"robots\" content=\"index, follow, max-snippet:-1, max-image-preview:large, max-video-preview:-1\" \/>\r\n<link rel=\"canonical\" href=\"https:\/\/www.ferrolcultura.gal\/index.php\/event\/lenda-artabra\/\" \/>\r\n<meta property=\"og:locale\" content=\"gl_ES\" \/>\r\n<meta property=\"og:type\" content=\"article\" \/>\r\n<meta property=\"og:title\" content=\"LENDA \u00c1RTABRA - Ferrol Cultura\" \/>\r\n<meta property=\"og:description\" content=\"O grupo de m\u00fasica folk ferrol\u00e1n Lenda \u00c1rtabra fai un percorrido musical por temas dos seus dous discos publicados, Noites de Lenda e Din de Min. Concerto inclu\u00eddo na celebraci\u00f3n das Letras Galegas 2026.\" \/>\r\n<meta property=\"og:url\" content=\"https:\/\/www.ferrolcultura.gal\/index.php\/event\/lenda-artabra\/\" \/>\r\n<meta property=\"og:site_name\" content=\"Ferrol Cultura\" \/>\r\n<meta property=\"article:publisher\" content=\"https:\/\/www.facebook.com\/ConcellodeFerrol\" \/>\r\n<meta property=\"article:modified_time\" content=\"2026-04-27T10:25:09+00:00\" \/>\r\n<meta property=\"og:image\" content=\"https:\/\/www.ferrolcultura.gal\/wp-content\/uploads\/2026\/04\/FotoJet-34.jpg\" \/>\r\n\t<meta property=\"og:image:width\" content=\"900\" \/>\r\n\t<meta property=\"og:image:height\" content=\"600\" \/>\r\n\t<meta property=\"og:image:type\" content=\"image\/jpeg\" \/>\r\n<meta name=\"twitter:card\" content=\"summary_large_image\" \/>\r\n<meta name=\"twitter:site\" content=\"@ferroloficial\" \/>\r\n<meta name=\"twitter:label1\" content=\"Tempo de lectura\" \/>\n\t<meta name=\"twitter:data1\" content=\"1 minuto\" \/>\r\n<script type=\"application\/ld+json\" class=\"yoast-schema-graph\">{\"@context\":\"https:\/\/schema.org\",\"@graph\":[{\"@type\":\"WebPage\",\"@id\":\"https:\/\/www.ferrolcultura.gal\/index.php\/event\/lenda-artabra\/\",\"url\":\"https:\/\/www.ferrolcultura.gal\/index.php\/event\/lenda-artabra\/\",\"name\":\"LENDA \u00c1RTABRA - Ferrol Cultura\",\"isPartOf\":{\"@id\":\"https:\/\/www.ferrolcultura.gal\/#website\"},\"primaryImageOfPage\":{\"@id\":\"https:\/\/www.ferrolcultura.gal\/index.php\/event\/lenda-artabra\/#primaryimage\"},\"image\":{\"@id\":\"https:\/\/www.ferrolcultura.gal\/index.php\/event\/lenda-artabra\/#primaryimage\"},\"thumbnailUrl\":\"https:\/\/www.ferrolcultura.gal\/wp-content\/uploads\/2026\/04\/FotoJet-34.jpg\",\"datePublished\":\"2026-04-27T10:22:34+00:00\",\"dateModified\":\"2026-04-27T10:25:09+00:00\",\"breadcrumb\":{\"@id\":\"https:\/\/www.ferrolcultura.gal\/index.php\/event\/lenda-artabra\/#breadcrumb\"},\"inLanguage\":\"gl-ES\",\"potentialAction\":[{\"@type\":\"ReadAction\",\"target\":[\"https:\/\/www.ferrolcultura.gal\/index.php\/event\/lenda-artabra\/\"]}]},{\"@type\":\"ImageObject\",\"inLanguage\":\"gl-ES\",\"@id\":\"https:\/\/www.ferrolcultura.gal\/index.php\/event\/lenda-artabra\/#primaryimage\",\"url\":\"https:\/\/www.ferrolcultura.gal\/wp-content\/uploads\/2026\/04\/FotoJet-34.jpg\",\"contentUrl\":\"https:\/\/www.ferrolcultura.gal\/wp-content\/uploads\/2026\/04\/FotoJet-34.jpg\",\"width\":900,\"height\":600},{\"@type\":\"BreadcrumbList\",\"@id\":\"https:\/\/www.ferrolcultura.gal\/index.php\/event\/lenda-artabra\/#breadcrumb\",\"itemListElement\":[{\"@type\":\"ListItem\",\"position\":1,\"name\":\"Portada\",\"item\":\"https:\/\/www.ferrolcultura.gal\/\"},{\"@type\":\"ListItem\",\"position\":2,\"name\":\"Events\",\"item\":\"https:\/\/www.ferrolcultura.gal\/index.php\/event\/\"},{\"@type\":\"ListItem\",\"position\":3,\"name\":\"LENDA \u00c1RTABRA\"}]},{\"@type\":\"WebSite\",\"@id\":\"https:\/\/www.ferrolcultura.gal\/#website\",\"url\":\"https:\/\/www.ferrolcultura.gal\/\",\"name\":\"Ferrol Cultura\",\"description\":\"P\u00e1xina de Cultura do Concello de Ferrol\",\"publisher\":{\"@id\":\"https:\/\/www.ferrolcultura.gal\/#organization\"},\"potentialAction\":[{\"@type\":\"SearchAction\",\"target\":{\"@type\":\"EntryPoint\",\"urlTemplate\":\"https:\/\/www.ferrolcultura.gal\/?s={search_term_string}\"},\"query-input\":{\"@type\":\"PropertyValueSpecification\",\"valueRequired\":true,\"valueName\":\"search_term_string\"}}],\"inLanguage\":\"gl-ES\"},{\"@type\":\"Organization\",\"@id\":\"https:\/\/www.ferrolcultura.gal\/#organization\",\"name\":\"Concello de Ferrol\",\"url\":\"https:\/\/www.ferrolcultura.gal\/\",\"logo\":{\"@type\":\"ImageObject\",\"inLanguage\":\"gl-ES\",\"@id\":\"https:\/\/www.ferrolcultura.gal\/#\/schema\/logo\/image\/\",\"url\":\"http:\/\/www.ferrolcultura.gal\/wp-content\/uploads\/2023\/03\/Concello-de-Ferrol-Cultura.png\",\"contentUrl\":\"http:\/\/www.ferrolcultura.gal\/wp-content\/uploads\/2023\/03\/Concello-de-Ferrol-Cultura.png\",\"width\":3033,\"height\":419,\"caption\":\"Concello de Ferrol\"},\"image\":{\"@id\":\"https:\/\/www.ferrolcultura.gal\/#\/schema\/logo\/image\/\"},\"sameAs\":[\"https:\/\/www.facebook.com\/ConcellodeFerrol\",\"https:\/\/x.com\/ferroloficial\",\"https:\/\/www.instagram.com\/concellodeferrol\",\"https:\/\/youtube.com\/@ferrolcultura\"]}]}<\/script>\r\n<!-- \/ Yoast SEO plugin. -->","yoast_head_json":{"title":"LENDA \u00c1RTABRA - Ferrol Cultura","robots":{"index":"index","follow":"follow","max-snippet":"max-snippet:-1","max-image-preview":"max-image-preview:large","max-video-preview":"max-video-preview:-1"},"canonical":"https:\/\/www.ferrolcultura.gal\/index.php\/event\/lenda-artabra\/","og_locale":"gl_ES","og_type":"article","og_title":"LENDA \u00c1RTABRA - Ferrol Cultura","og_description":"O grupo de m\u00fasica folk ferrol\u00e1n Lenda \u00c1rtabra fai un percorrido musical por temas dos seus dous discos publicados, Noites de Lenda e Din de Min. Concerto inclu\u00eddo na celebraci\u00f3n das Letras Galegas 2026.","og_url":"https:\/\/www.ferrolcultura.gal\/index.php\/event\/lenda-artabra\/","og_site_name":"Ferrol Cultura","article_publisher":"https:\/\/www.facebook.com\/ConcellodeFerrol","article_modified_time":"2026-04-27T10:25:09+00:00","og_image":[{"width":900,"height":600,"url":"https:\/\/www.ferrolcultura.gal\/wp-content\/uploads\/2026\/04\/FotoJet-34.jpg","type":"image\/jpeg"}],"twitter_card":"summary_large_image","twitter_site":"@ferroloficial","twitter_misc":{"Tempo de lectura":"1 minuto"},"schema":{"@context":"https:\/\/schema.org","@graph":[{"@type":"WebPage","@id":"https:\/\/www.ferrolcultura.gal\/index.php\/event\/lenda-artabra\/","url":"https:\/\/www.ferrolcultura.gal\/index.php\/event\/lenda-artabra\/","name":"LENDA \u00c1RTABRA - Ferrol Cultura","isPartOf":{"@id":"https:\/\/www.ferrolcultura.gal\/#website"},"primaryImageOfPage":{"@id":"https:\/\/www.ferrolcultura.gal\/index.php\/event\/lenda-artabra\/#primaryimage"},"image":{"@id":"https:\/\/www.ferrolcultura.gal\/index.php\/event\/lenda-artabra\/#primaryimage"},"thumbnailUrl":"https:\/\/www.ferrolcultura.gal\/wp-content\/uploads\/2026\/04\/FotoJet-34.jpg","datePublished":"2026-04-27T10:22:34+00:00","dateModified":"2026-04-27T10:25:09+00:00","breadcrumb":{"@id":"https:\/\/www.ferrolcultura.gal\/index.php\/event\/lenda-artabra\/#breadcrumb"},"inLanguage":"gl-ES","potentialAction":[{"@type":"ReadAction","target":["https:\/\/www.ferrolcultura.gal\/index.php\/event\/lenda-artabra\/"]}]},{"@type":"ImageObject","inLanguage":"gl-ES","@id":"https:\/\/www.ferrolcultura.gal\/index.php\/event\/lenda-artabra\/#primaryimage","url":"https:\/\/www.ferrolcultura.gal\/wp-content\/uploads\/2026\/04\/FotoJet-34.jpg","contentUrl":"https:\/\/www.ferrolcultura.gal\/wp-content\/uploads\/2026\/04\/FotoJet-34.jpg","width":900,"height":600},{"@type":"BreadcrumbList","@id":"https:\/\/www.ferrolcultura.gal\/index.php\/event\/lenda-artabra\/#breadcrumb","itemListElement":[{"@type":"ListItem","position":1,"name":"Portada","item":"https:\/\/www.ferrolcultura.gal\/"},{"@type":"ListItem","position":2,"name":"Events","item":"https:\/\/www.ferrolcultura.gal\/index.php\/event\/"},{"@type":"ListItem","position":3,"name":"LENDA \u00c1RTABRA"}]},{"@type":"WebSite","@id":"https:\/\/www.ferrolcultura.gal\/#website","url":"https:\/\/www.ferrolcultura.gal\/","name":"Ferrol Cultura","description":"P\u00e1xina de Cultura do Concello de Ferrol","publisher":{"@id":"https:\/\/www.ferrolcultura.gal\/#organization"},"potentialAction":[{"@type":"SearchAction","target":{"@type":"EntryPoint","urlTemplate":"https:\/\/www.ferrolcultura.gal\/?s={search_term_string}"},"query-input":{"@type":"PropertyValueSpecification","valueRequired":true,"valueName":"search_term_string"}}],"inLanguage":"gl-ES"},{"@type":"Organization","@id":"https:\/\/www.ferrolcultura.gal\/#organization","name":"Concello de Ferrol","url":"https:\/\/www.ferrolcultura.gal\/","logo":{"@type":"ImageObject","inLanguage":"gl-ES","@id":"https:\/\/www.ferrolcultura.gal\/#\/schema\/logo\/image\/","url":"http:\/\/www.ferrolcultura.gal\/wp-content\/uploads\/2023\/03\/Concello-de-Ferrol-Cultura.png","contentUrl":"http:\/\/www.ferrolcultura.gal\/wp-content\/uploads\/2023\/03\/Concello-de-Ferrol-Cultura.png","width":3033,"height":419,"caption":"Concello de Ferrol"},"image":{"@id":"https:\/\/www.ferrolcultura.gal\/#\/schema\/logo\/image\/"},"sameAs":["https:\/\/www.facebook.com\/ConcellodeFerrol","https:\/\/x.com\/ferroloficial","https:\/\/www.instagram.com\/concellodeferrol","https:\/\/youtube.com\/@ferrolcultura"]}]}},"event_fields":{"start_date":"2026-05-17","start_time":"19:30","end_date":"","expire_date":"2026-05-18 00:00","start_datetime":"2026-05-17 19:30"},"_links":{"self":[{"href":"https:\/\/www.ferrolcultura.gal\/index.php\/wp-json\/wp\/v2\/event\/8230","targetHints":{"allow":["GET"]}}],"collection":[{"href":"https:\/\/www.ferrolcultura.gal\/index.php\/wp-json\/wp\/v2\/event"}],"about":[{"href":"https:\/\/www.ferrolcultura.gal\/index.php\/wp-json\/wp\/v2\/types\/event"}],"author":[{"embeddable":true,"href":"https:\/\/www.ferrolcultura.gal\/index.php\/wp-json\/wp\/v2\/users\/9"}],"replies":[{"embeddable":true,"href":"https:\/\/www.ferrolcultura.gal\/index.php\/wp-json\/wp\/v2\/comments?post=8230"}],"version-history":[{"count":2,"href":"https:\/\/www.ferrolcultura.gal\/index.php\/wp-json\/wp\/v2\/event\/8230\/revisions"}],"predecessor-version":[{"id":8235,"href":"https:\/\/www.ferrolcultura.gal\/index.php\/wp-json\/wp\/v2\/event\/8230\/revisions\/8235"}],"wp:featuredmedia":[{"embeddable":true,"href":"https:\/\/www.ferrolcultura.gal\/index.php\/wp-json\/wp\/v2\/media\/8232"}],"wp:attachment":[{"href":"https:\/\/www.ferrolcultura.gal\/index.php\/wp-json\/wp\/v2\/media?parent=8230"}],"wp:term":[{"taxonomy":"eventcat","embeddable":true,"href":"https:\/\/www.ferrolcultura.gal\/index.php\/wp-json\/wp\/v2\/eventcat?post=8230"},{"taxonomy":"organizer","embeddable":true,"href":"https:\/\/www.ferrolcultura.gal\/index.php\/wp-json\/wp\/v2\/organizer?post=8230"},{"taxonomy":"event_tags","embeddable":true,"href":"https:\/\/www.ferrolcultura.gal\/index.php\/wp-json\/wp\/v2\/event_tags?post=8230"},{"taxonomy":"location","embeddable":true,"href":"https:\/\/www.ferrolcultura.gal\/index.php\/wp-json\/wp\/v2\/location?post=8230"}],"curies":[{"name":"wp","href":"https:\/\/api.w.org\/{rel}","templated":true}]}}

LENDA ÁRTABRA

<p>O grupo de música folk ferrolán <em>Lenda Ártabra</em> fai un percorrido musical por temas dos seus dous discos publicados, <em>Noites de Lenda</em> e <em>Din de Min. </em>Concerto incluído na celebración das Letras Galegas 2026.</p>



<!--more-->



<p><strong>ENTRADAS</strong></p>



<p>Entrada de balde </p>



<hr class="wp-block-separator has-alpha-channel-opacity"/>



<p>El grupo de música folk ferrolano <em>Lenda Ártabra</em> hace un recorrido musical por temas de sus dos discos publicados, <em>Noites de Lenda</em> e <em>Din de Min</em>. Concierto incluído en la celebración de las Letras Gallegas 2026. </p>



<p><strong>ENTRADAS</strong></p>



<p>Entrada gratuita</p>



<p></p>

<p>O grupo de música folk ferrolán Lenda Ártabra fai un percorrido musical por temas dos seus dous discos publicados, Noites de Lenda e Din de Min. Concerto incluído na celebración das Letras Galegas 2026.</p>

<!-- This site is optimized with the Yoast SEO plugin v27.0 - https://yoast.com/product/yoast-seo-wordpress/ -->
<title>LENDA ÁRTABRA - Ferrol Cultura</title>
<meta name="robots" content="index, follow, max-snippet:-1, max-image-preview:large, max-video-preview:-1" />
<link rel="canonical" href="https://www.ferrolcultura.gal/index.php/event/lenda-artabra/" />
<meta property="og:locale" content="gl_ES" />
<meta property="og:type" content="article" />
<meta property="og:title" content="LENDA ÁRTABRA - Ferrol Cultura" />
<meta property="og:description" content="O grupo de música folk ferrolán Lenda Ártabra fai un percorrido musical por temas dos seus dous discos publicados, Noites de Lenda e Din de Min. Concerto incluído na celebración das Letras Galegas 2026." />
<meta property="og:url" content="https://www.ferrolcultura.gal/index.php/event/lenda-artabra/" />
<meta property="og:site_name" content="Ferrol Cultura" />
<meta property="article:publisher" content="https://www.facebook.com/ConcellodeFerrol" />
<meta property="article:modified_time" content="2026-04-27T10:25:09+00:00" />
<meta property="og:image" content="https://www.ferrolcultura.gal/wp-content/uploads/2026/04/FotoJet-34.jpg" />
	<meta property="og:image:width" content="900" />
	<meta property="og:image:height" content="600" />
	<meta property="og:image:type" content="image/jpeg" />
<meta name="twitter:card" content="summary_large_image" />
<meta name="twitter:site" content="@ferroloficial" />
<meta name="twitter:label1" content="Tempo de lectura" />
	<meta name="twitter:data1" content="1 minuto" />
<script type="application/ld+json" class="yoast-schema-graph">{"@context":"https://schema.org","@graph":[{"@type":"WebPage","@id":"https://www.ferrolcultura.gal/index.php/event/lenda-artabra/","url":"https://www.ferrolcultura.gal/index.php/event/lenda-artabra/","name":"LENDA ÁRTABRA - Ferrol Cultura","isPartOf":{"@id":"https://www.ferrolcultura.gal/#website"},"primaryImageOfPage":{"@id":"https://www.ferrolcultura.gal/index.php/event/lenda-artabra/#primaryimage"},"image":{"@id":"https://www.ferrolcultura.gal/index.php/event/lenda-artabra/#primaryimage"},"thumbnailUrl":"https://www.ferrolcultura.gal/wp-content/uploads/2026/04/FotoJet-34.jpg","datePublished":"2026-04-27T10:22:34+00:00","dateModified":"2026-04-27T10:25:09+00:00","breadcrumb":{"@id":"https://www.ferrolcultura.gal/index.php/event/lenda-artabra/#breadcrumb"},"inLanguage":"gl-ES","potentialAction":[{"@type":"ReadAction","target":["https://www.ferrolcultura.gal/index.php/event/lenda-artabra/"]}]},{"@type":"ImageObject","inLanguage":"gl-ES","@id":"https://www.ferrolcultura.gal/index.php/event/lenda-artabra/#primaryimage","url":"https://www.ferrolcultura.gal/wp-content/uploads/2026/04/FotoJet-34.jpg","contentUrl":"https://www.ferrolcultura.gal/wp-content/uploads/2026/04/FotoJet-34.jpg","width":900,"height":600},{"@type":"BreadcrumbList","@id":"https://www.ferrolcultura.gal/index.php/event/lenda-artabra/#breadcrumb","itemListElement":[{"@type":"ListItem","position":1,"name":"Portada","item":"https://www.ferrolcultura.gal/"},{"@type":"ListItem","position":2,"name":"Events","item":"https://www.ferrolcultura.gal/index.php/event/"},{"@type":"ListItem","position":3,"name":"LENDA ÁRTABRA"}]},{"@type":"WebSite","@id":"https://www.ferrolcultura.gal/#website","url":"https://www.ferrolcultura.gal/","name":"Ferrol Cultura","description":"Páxina de Cultura do Concello de Ferrol","publisher":{"@id":"https://www.ferrolcultura.gal/#organization"},"potentialAction":[{"@type":"SearchAction","target":{"@type":"EntryPoint","urlTemplate":"https://www.ferrolcultura.gal/?s={search_term_string}"},"query-input":{"@type":"PropertyValueSpecification","valueRequired":true,"valueName":"search_term_string"}}],"inLanguage":"gl-ES"},{"@type":"Organization","@id":"https://www.ferrolcultura.gal/#organization","name":"Concello de Ferrol","url":"https://www.ferrolcultura.gal/","logo":{"@type":"ImageObject","inLanguage":"gl-ES","@id":"https://www.ferrolcultura.gal/#/schema/logo/image/","url":"http://www.ferrolcultura.gal/wp-content/uploads/2023/03/Concello-de-Ferrol-Cultura.png","contentUrl":"http://www.ferrolcultura.gal/wp-content/uploads/2023/03/Concello-de-Ferrol-Cultura.png","width":3033,"height":419,"caption":"Concello de Ferrol"},"image":{"@id":"https://www.ferrolcultura.gal/#/schema/logo/image/"},"sameAs":["https://www.facebook.com/ConcellodeFerrol","https://x.com/ferroloficial","https://www.instagram.com/concellodeferrol","https://youtube.com/@ferrolcultura"]}]}</script>
<!-- / Yoast SEO plugin. -->

LENDA ÁRTABRA - Ferrol Cultura

O grupo de música folk ferrolán Lenda Ártabra fai un percorrido musical por temas dos seus dous discos publicados, Noites de Lenda e Din de Min. Concerto incluído na celebración das Letras Galegas 2026.

Páxina de Cultura do Concello de Ferrol
