{"id":3359,"date":"2023-03-20T11:01:07","date_gmt":"2023-03-20T11:01:07","guid":{"rendered":"http:\/\/www.ferrolcultura.gal\/?page_id=3359"},"modified":"2023-03-20T11:02:50","modified_gmt":"2023-03-20T11:02:50","slug":"centro-civico-de-canido-perez-paralle","status":"publish","type":"page","link":"https:\/\/www.ferrolcultura.gal\/index.php\/centros-culturais\/centro-civico-de-canido-perez-paralle\/","title":{"rendered":"Centro C\u00edvico de Canido P\u00e9rez Parall\u00e9"},"content":{"rendered":"\n<p>O centro c\u00edvico de Canido \u00e9 un espazo cultural e social para uso dos veci\u00f1os e veci\u00f1as de Canido, onde te\u00f1en a s\u00faa sede a Asociaci\u00f3n Veci\u00f1al do barrio, a entidade sociocultural Mu\u00ed\u00f1o do Vento e a emisora Radio FilispiM, que autoxestionan estas instalaci\u00f3ns de forma coordinada. Dentro da s\u00faa filosof\u00eda de ser un espazo aberto acolle tam\u00e9n a sede dos coros infant\u00eds Concerto Tempi\u00f1o e Concerto Novo; o grupo de m\u00fasica xuvenil Quenindiole; a asociaci\u00f3n Manaia; a escola de danza tradicional Mario Escudero da asociaci\u00f3n Donas e Gal\u00e1ns e a asociaci\u00f3n de Capoeira Luand\u00e9. No centro funciona tam\u00e9n unha Agrupaci\u00f3n Intrabarrial constitu\u00edda a comezos de 2018 como grupo de traballo que suma todas as forzas que est\u00e1n a traballar no barrio en diferentes \u00e1mbitos (veci\u00f1al, social, cultural, asistencial, comercial, hostaleiro, deportivo, educativo, etc.)<\/p>\n\n\n\n<p>Ademais, c\u00e9dese habitualmente espazo a diferentes colectivos como Cruz Vermella, a Asociaci\u00f3n de Persoas Xordas ou o colectivo Ferrolterra de Zanfo\u00f1a para desenvolver as s\u00fas actividades.<\/p>\n\n\n\n<p>O centro c\u00edvico comezou a funcionar no ano 2017 e leva o nome do poeta Xos\u00e9mar\u00eda P\u00e9rez Parall\u00e9, Fillo Predilecto de Ferrol, e conta con varias salas polivalentes.<\/p>\n\n\n\n<h4 class=\"wp-block-heading\">FICHA T\u00c9CNICA<\/h4>\n\n\n\n<p><strong>Direcci\u00f3n:<\/strong> Poeta P\u00e9rez Parall\u00e9, s\/n. 15401 Ferrol.<\/p>\n\n\n\n<p><strong>Tel\u00e9fono:<\/strong> 637 081 888<\/p>\n\n\n\n<p><strong>Horario:<\/strong> De luns a venres de 11.00 a 13.00 e de 19.00 a 20.00 horas<\/p>\n\n\n\n<figure class=\"wp-block-gallery has-nested-images columns-default is-cropped wp-block-gallery-1 is-layout-flex wp-block-gallery-is-layout-flex\">\n<figure class=\"wp-block-image size-large\"><img loading=\"lazy\" decoding=\"async\" width=\"575\" height=\"431\" data-id=\"3360\" src=\"http:\/\/www.ferrolcultura.gal\/wp-content\/uploads\/2023\/03\/c-civico-canido-2.jpg\" alt=\"\" class=\"wp-image-3360\"\/><\/figure>\n\n\n\n<figure class=\"wp-block-image size-large\"><img loading=\"lazy\" decoding=\"async\" width=\"1280\" height=\"720\" data-id=\"3361\" src=\"http:\/\/www.ferrolcultura.gal\/wp-content\/uploads\/2023\/03\/c-civico-canido-1.jpg\" alt=\"\" class=\"wp-image-3361\"\/><\/figure>\n<\/figure>\n","protected":false},"excerpt":{"rendered":"<p>O centro c\u00edvico de Canido \u00e9 un espazo cultural e social para uso dos veci\u00f1os e veci\u00f1as de Canido, onde te\u00f1en a s\u00faa sede a Asociaci\u00f3n Veci\u00f1al do barrio, a entidade sociocultural Mu\u00ed\u00f1o do Vento e a emisora Radio FilispiM,&#8230;<\/p>\n","protected":false},"author":7,"featured_media":0,"parent":3317,"menu_order":8,"comment_status":"closed","ping_status":"closed","template":"","meta":{"_monsterinsights_skip_tracking":false,"_monsterinsights_sitenote_active":false,"_monsterinsights_sitenote_note":"","_monsterinsights_sitenote_category":0,"footnotes":""},"class_list":["post-3359","page","type-page","status-publish","hentry"],"yoast_head":"<!-- This site is optimized with the Yoast SEO plugin v27.0 - https:\/\/yoast.com\/product\/yoast-seo-wordpress\/ -->\r\n<title>Centro C\u00edvico de Canido P\u00e9rez Parall\u00e9 - Ferrol Cultura<\/title>\r\n<meta name=\"robots\" content=\"index, follow, max-snippet:-1, max-image-preview:large, max-video-preview:-1\" \/>\r\n<link rel=\"canonical\" href=\"https:\/\/www.ferrolcultura.gal\/index.php\/centros-culturais\/centro-civico-de-canido-perez-paralle\/\" \/>\r\n<meta property=\"og:locale\" content=\"gl_ES\" \/>\r\n<meta property=\"og:type\" content=\"article\" \/>\r\n<meta property=\"og:title\" content=\"Centro C\u00edvico de Canido P\u00e9rez Parall\u00e9 - Ferrol Cultura\" \/>\r\n<meta property=\"og:description\" content=\"O centro c\u00edvico de Canido \u00e9 un espazo cultural e social para uso dos veci\u00f1os e veci\u00f1as de Canido, onde te\u00f1en a s\u00faa sede a Asociaci\u00f3n Veci\u00f1al do barrio, a entidade sociocultural Mu\u00ed\u00f1o do Vento e a emisora Radio FilispiM,...\" \/>\r\n<meta property=\"og:url\" content=\"https:\/\/www.ferrolcultura.gal\/index.php\/centros-culturais\/centro-civico-de-canido-perez-paralle\/\" \/>\r\n<meta property=\"og:site_name\" content=\"Ferrol Cultura\" \/>\r\n<meta property=\"article:publisher\" content=\"https:\/\/www.facebook.com\/ConcellodeFerrol\" \/>\r\n<meta property=\"article:modified_time\" content=\"2023-03-20T11:02:50+00:00\" \/>\r\n<meta property=\"og:image\" content=\"http:\/\/www.ferrolcultura.gal\/wp-content\/uploads\/2023\/03\/c-civico-canido-2.jpg\" \/>\r\n<meta name=\"twitter:card\" content=\"summary_large_image\" \/>\r\n<meta name=\"twitter:site\" content=\"@ferroloficial\" \/>\r\n<meta name=\"twitter:label1\" content=\"Tempo de lectura\" \/>\n\t<meta name=\"twitter:data1\" content=\"1 minuto\" \/>\r\n<script type=\"application\/ld+json\" class=\"yoast-schema-graph\">{\"@context\":\"https:\/\/schema.org\",\"@graph\":[{\"@type\":\"WebPage\",\"@id\":\"https:\/\/www.ferrolcultura.gal\/index.php\/centros-culturais\/centro-civico-de-canido-perez-paralle\/\",\"url\":\"https:\/\/www.ferrolcultura.gal\/index.php\/centros-culturais\/centro-civico-de-canido-perez-paralle\/\",\"name\":\"Centro C\u00edvico de Canido P\u00e9rez Parall\u00e9 - Ferrol Cultura\",\"isPartOf\":{\"@id\":\"https:\/\/www.ferrolcultura.gal\/#website\"},\"primaryImageOfPage\":{\"@id\":\"https:\/\/www.ferrolcultura.gal\/index.php\/centros-culturais\/centro-civico-de-canido-perez-paralle\/#primaryimage\"},\"image\":{\"@id\":\"https:\/\/www.ferrolcultura.gal\/index.php\/centros-culturais\/centro-civico-de-canido-perez-paralle\/#primaryimage\"},\"thumbnailUrl\":\"http:\/\/www.ferrolcultura.gal\/wp-content\/uploads\/2023\/03\/c-civico-canido-2.jpg\",\"datePublished\":\"2023-03-20T11:01:07+00:00\",\"dateModified\":\"2023-03-20T11:02:50+00:00\",\"breadcrumb\":{\"@id\":\"https:\/\/www.ferrolcultura.gal\/index.php\/centros-culturais\/centro-civico-de-canido-perez-paralle\/#breadcrumb\"},\"inLanguage\":\"gl-ES\",\"potentialAction\":[{\"@type\":\"ReadAction\",\"target\":[\"https:\/\/www.ferrolcultura.gal\/index.php\/centros-culturais\/centro-civico-de-canido-perez-paralle\/\"]}]},{\"@type\":\"ImageObject\",\"inLanguage\":\"gl-ES\",\"@id\":\"https:\/\/www.ferrolcultura.gal\/index.php\/centros-culturais\/centro-civico-de-canido-perez-paralle\/#primaryimage\",\"url\":\"http:\/\/www.ferrolcultura.gal\/wp-content\/uploads\/2023\/03\/c-civico-canido-2.jpg\",\"contentUrl\":\"http:\/\/www.ferrolcultura.gal\/wp-content\/uploads\/2023\/03\/c-civico-canido-2.jpg\"},{\"@type\":\"BreadcrumbList\",\"@id\":\"https:\/\/www.ferrolcultura.gal\/index.php\/centros-culturais\/centro-civico-de-canido-perez-paralle\/#breadcrumb\",\"itemListElement\":[{\"@type\":\"ListItem\",\"position\":1,\"name\":\"Portada\",\"item\":\"https:\/\/www.ferrolcultura.gal\/\"},{\"@type\":\"ListItem\",\"position\":2,\"name\":\"Centros culturais\",\"item\":\"https:\/\/www.ferrolcultura.gal\/index.php\/centros-culturais\/\"},{\"@type\":\"ListItem\",\"position\":3,\"name\":\"Centro C\u00edvico de Canido P\u00e9rez Parall\u00e9\"}]},{\"@type\":\"WebSite\",\"@id\":\"https:\/\/www.ferrolcultura.gal\/#website\",\"url\":\"https:\/\/www.ferrolcultura.gal\/\",\"name\":\"Ferrol Cultura\",\"description\":\"P\u00e1xina de Cultura do Concello de Ferrol\",\"publisher\":{\"@id\":\"https:\/\/www.ferrolcultura.gal\/#organization\"},\"potentialAction\":[{\"@type\":\"SearchAction\",\"target\":{\"@type\":\"EntryPoint\",\"urlTemplate\":\"https:\/\/www.ferrolcultura.gal\/?s={search_term_string}\"},\"query-input\":{\"@type\":\"PropertyValueSpecification\",\"valueRequired\":true,\"valueName\":\"search_term_string\"}}],\"inLanguage\":\"gl-ES\"},{\"@type\":\"Organization\",\"@id\":\"https:\/\/www.ferrolcultura.gal\/#organization\",\"name\":\"Concello de Ferrol\",\"url\":\"https:\/\/www.ferrolcultura.gal\/\",\"logo\":{\"@type\":\"ImageObject\",\"inLanguage\":\"gl-ES\",\"@id\":\"https:\/\/www.ferrolcultura.gal\/#\/schema\/logo\/image\/\",\"url\":\"http:\/\/www.ferrolcultura.gal\/wp-content\/uploads\/2023\/03\/Concello-de-Ferrol-Cultura.png\",\"contentUrl\":\"http:\/\/www.ferrolcultura.gal\/wp-content\/uploads\/2023\/03\/Concello-de-Ferrol-Cultura.png\",\"width\":3033,\"height\":419,\"caption\":\"Concello de Ferrol\"},\"image\":{\"@id\":\"https:\/\/www.ferrolcultura.gal\/#\/schema\/logo\/image\/\"},\"sameAs\":[\"https:\/\/www.facebook.com\/ConcellodeFerrol\",\"https:\/\/x.com\/ferroloficial\",\"https:\/\/www.instagram.com\/concellodeferrol\",\"https:\/\/youtube.com\/@ferrolcultura\"]}]}<\/script>\r\n<!-- \/ Yoast SEO plugin. -->","yoast_head_json":{"title":"Centro C\u00edvico de Canido P\u00e9rez Parall\u00e9 - Ferrol Cultura","robots":{"index":"index","follow":"follow","max-snippet":"max-snippet:-1","max-image-preview":"max-image-preview:large","max-video-preview":"max-video-preview:-1"},"canonical":"https:\/\/www.ferrolcultura.gal\/index.php\/centros-culturais\/centro-civico-de-canido-perez-paralle\/","og_locale":"gl_ES","og_type":"article","og_title":"Centro C\u00edvico de Canido P\u00e9rez Parall\u00e9 - Ferrol Cultura","og_description":"O centro c\u00edvico de Canido \u00e9 un espazo cultural e social para uso dos veci\u00f1os e veci\u00f1as de Canido, onde te\u00f1en a s\u00faa sede a Asociaci\u00f3n Veci\u00f1al do barrio, a entidade sociocultural Mu\u00ed\u00f1o do Vento e a emisora Radio FilispiM,...","og_url":"https:\/\/www.ferrolcultura.gal\/index.php\/centros-culturais\/centro-civico-de-canido-perez-paralle\/","og_site_name":"Ferrol Cultura","article_publisher":"https:\/\/www.facebook.com\/ConcellodeFerrol","article_modified_time":"2023-03-20T11:02:50+00:00","og_image":[{"url":"http:\/\/www.ferrolcultura.gal\/wp-content\/uploads\/2023\/03\/c-civico-canido-2.jpg","type":"","width":"","height":""}],"twitter_card":"summary_large_image","twitter_site":"@ferroloficial","twitter_misc":{"Tempo de lectura":"1 minuto"},"schema":{"@context":"https:\/\/schema.org","@graph":[{"@type":"WebPage","@id":"https:\/\/www.ferrolcultura.gal\/index.php\/centros-culturais\/centro-civico-de-canido-perez-paralle\/","url":"https:\/\/www.ferrolcultura.gal\/index.php\/centros-culturais\/centro-civico-de-canido-perez-paralle\/","name":"Centro C\u00edvico de Canido P\u00e9rez Parall\u00e9 - Ferrol Cultura","isPartOf":{"@id":"https:\/\/www.ferrolcultura.gal\/#website"},"primaryImageOfPage":{"@id":"https:\/\/www.ferrolcultura.gal\/index.php\/centros-culturais\/centro-civico-de-canido-perez-paralle\/#primaryimage"},"image":{"@id":"https:\/\/www.ferrolcultura.gal\/index.php\/centros-culturais\/centro-civico-de-canido-perez-paralle\/#primaryimage"},"thumbnailUrl":"http:\/\/www.ferrolcultura.gal\/wp-content\/uploads\/2023\/03\/c-civico-canido-2.jpg","datePublished":"2023-03-20T11:01:07+00:00","dateModified":"2023-03-20T11:02:50+00:00","breadcrumb":{"@id":"https:\/\/www.ferrolcultura.gal\/index.php\/centros-culturais\/centro-civico-de-canido-perez-paralle\/#breadcrumb"},"inLanguage":"gl-ES","potentialAction":[{"@type":"ReadAction","target":["https:\/\/www.ferrolcultura.gal\/index.php\/centros-culturais\/centro-civico-de-canido-perez-paralle\/"]}]},{"@type":"ImageObject","inLanguage":"gl-ES","@id":"https:\/\/www.ferrolcultura.gal\/index.php\/centros-culturais\/centro-civico-de-canido-perez-paralle\/#primaryimage","url":"http:\/\/www.ferrolcultura.gal\/wp-content\/uploads\/2023\/03\/c-civico-canido-2.jpg","contentUrl":"http:\/\/www.ferrolcultura.gal\/wp-content\/uploads\/2023\/03\/c-civico-canido-2.jpg"},{"@type":"BreadcrumbList","@id":"https:\/\/www.ferrolcultura.gal\/index.php\/centros-culturais\/centro-civico-de-canido-perez-paralle\/#breadcrumb","itemListElement":[{"@type":"ListItem","position":1,"name":"Portada","item":"https:\/\/www.ferrolcultura.gal\/"},{"@type":"ListItem","position":2,"name":"Centros culturais","item":"https:\/\/www.ferrolcultura.gal\/index.php\/centros-culturais\/"},{"@type":"ListItem","position":3,"name":"Centro C\u00edvico de Canido P\u00e9rez Parall\u00e9"}]},{"@type":"WebSite","@id":"https:\/\/www.ferrolcultura.gal\/#website","url":"https:\/\/www.ferrolcultura.gal\/","name":"Ferrol Cultura","description":"P\u00e1xina de Cultura do Concello de Ferrol","publisher":{"@id":"https:\/\/www.ferrolcultura.gal\/#organization"},"potentialAction":[{"@type":"SearchAction","target":{"@type":"EntryPoint","urlTemplate":"https:\/\/www.ferrolcultura.gal\/?s={search_term_string}"},"query-input":{"@type":"PropertyValueSpecification","valueRequired":true,"valueName":"search_term_string"}}],"inLanguage":"gl-ES"},{"@type":"Organization","@id":"https:\/\/www.ferrolcultura.gal\/#organization","name":"Concello de Ferrol","url":"https:\/\/www.ferrolcultura.gal\/","logo":{"@type":"ImageObject","inLanguage":"gl-ES","@id":"https:\/\/www.ferrolcultura.gal\/#\/schema\/logo\/image\/","url":"http:\/\/www.ferrolcultura.gal\/wp-content\/uploads\/2023\/03\/Concello-de-Ferrol-Cultura.png","contentUrl":"http:\/\/www.ferrolcultura.gal\/wp-content\/uploads\/2023\/03\/Concello-de-Ferrol-Cultura.png","width":3033,"height":419,"caption":"Concello de Ferrol"},"image":{"@id":"https:\/\/www.ferrolcultura.gal\/#\/schema\/logo\/image\/"},"sameAs":["https:\/\/www.facebook.com\/ConcellodeFerrol","https:\/\/x.com\/ferroloficial","https:\/\/www.instagram.com\/concellodeferrol","https:\/\/youtube.com\/@ferrolcultura"]}]}},"_links":{"self":[{"href":"https:\/\/www.ferrolcultura.gal\/index.php\/wp-json\/wp\/v2\/pages\/3359","targetHints":{"allow":["GET"]}}],"collection":[{"href":"https:\/\/www.ferrolcultura.gal\/index.php\/wp-json\/wp\/v2\/pages"}],"about":[{"href":"https:\/\/www.ferrolcultura.gal\/index.php\/wp-json\/wp\/v2\/types\/page"}],"author":[{"embeddable":true,"href":"https:\/\/www.ferrolcultura.gal\/index.php\/wp-json\/wp\/v2\/users\/7"}],"replies":[{"embeddable":true,"href":"https:\/\/www.ferrolcultura.gal\/index.php\/wp-json\/wp\/v2\/comments?post=3359"}],"version-history":[{"count":0,"href":"https:\/\/www.ferrolcultura.gal\/index.php\/wp-json\/wp\/v2\/pages\/3359\/revisions"}],"up":[{"embeddable":true,"href":"https:\/\/www.ferrolcultura.gal\/index.php\/wp-json\/wp\/v2\/pages\/3317"}],"wp:attachment":[{"href":"https:\/\/www.ferrolcultura.gal\/index.php\/wp-json\/wp\/v2\/media?parent=3359"}],"curies":[{"name":"wp","href":"https:\/\/api.w.org\/{rel}","templated":true}]}}