{"id":4084,"date":"2023-03-20T08:58:19","date_gmt":"2023-03-20T08:58:19","guid":{"rendered":"http:\/\/www.ferrolcultura.gal\/proyectos-unicos\/pequeno-duplex\/"},"modified":"2023-04-24T11:27:40","modified_gmt":"2023-04-24T11:27:40","slug":"pequeno-duplex","status":"publish","type":"page","link":"https:\/\/www.ferrolcultura.gal\/index.php\/proyectos-unicos\/pequeno-duplex\/?lang=es","title":{"rendered":"Petis D\u00faplex"},"content":{"rendered":"\n<p>El ciclo de cine infantil <a rel=\"noreferrer noopener\" href=\"https:\/\/www.duplexcinema.com\/es\/ciclo\/petis-duplex\" data-type=\"URL\" data-id=\"https:\/\/www.duplexcinema.com\/es\/ciclo\/petis-duplex\" target=\"_blank\">Petis Duplex<\/a> nace del acuerdo entre el Ayuntamiento de Ferrol y los Cines Duplex para acercar al p\u00fablico ferrolano las mejores pel\u00edculas para ni\u00f1os y ni\u00f1as. Las proyecciones, que suelen realizarse los domingos, son gratuitas.<\/p>\n<div class=\"wp-block-image\">\n<figure class=\"aligncenter size-full\"><img loading=\"lazy\" decoding=\"async\" width=\"695\" height=\"472\" src=\"http:\/\/www.ferrolcultura.gal\/wp-content\/uploads\/2023\/03\/duplex.jpg\" alt=\"\" class=\"wp-image-3291\"\/><\/figure>\n<\/div>\n<p>M\u00e1s informaci\u00f3n:<\/p>\n\n<p><a rel=\"noreferrer noopener\" href=\"https:\/\/www.duplexcinema.com\/es\/ciclo\/petis-duplex\" data-type=\"URL\" data-id=\"https:\/\/www.duplexcinema.com\/es\/ciclo\/petis-duplex\" target=\"_blank\">https:\/\/www.duplexcinema.com\/es\/ciclo\/petis-duplex<\/a><\/p>\n","protected":false},"excerpt":{"rendered":"<p>El ciclo de cine infantil Petis Duplex nace del acuerdo entre el Ayuntamiento de Ferrol y los Cines Duplex para acercar al p\u00fablico ferrolano las mejores pel\u00edculas para ni\u00f1os y ni\u00f1as. Las proyecciones, que suelen realizarse los domingos, son gratuitas&#8230;.<\/p>\n","protected":false},"author":7,"featured_media":0,"parent":4057,"menu_order":9,"comment_status":"closed","ping_status":"closed","template":"","meta":{"_monsterinsights_skip_tracking":false,"_monsterinsights_sitenote_active":false,"_monsterinsights_sitenote_note":"","_monsterinsights_sitenote_category":0,"footnotes":""},"class_list":["post-4084","page","type-page","status-publish","hentry"],"yoast_head":"<!-- This site is optimized with the Yoast SEO plugin v27.0 - https:\/\/yoast.com\/product\/yoast-seo-wordpress\/ -->\r\n<title>Petis D\u00faplex - Ferrol Cultura<\/title>\r\n<meta name=\"robots\" content=\"index, follow, max-snippet:-1, max-image-preview:large, max-video-preview:-1\" \/>\r\n<link rel=\"canonical\" href=\"https:\/\/www.ferrolcultura.gal\/index.php\/proyectos-unicos\/pequeno-duplex\/\" \/>\r\n<meta property=\"og:locale\" content=\"gl_ES\" \/>\r\n<meta property=\"og:type\" content=\"article\" \/>\r\n<meta property=\"og:title\" content=\"Petis D\u00faplex - Ferrol Cultura\" \/>\r\n<meta property=\"og:description\" content=\"El ciclo de cine infantil Petis Duplex nace del acuerdo entre el Ayuntamiento de Ferrol y los Cines Duplex para acercar al p\u00fablico ferrolano las mejores pel\u00edculas para ni\u00f1os y ni\u00f1as. Las proyecciones, que suelen realizarse los domingos, son gratuitas....\" \/>\r\n<meta property=\"og:url\" content=\"https:\/\/www.ferrolcultura.gal\/index.php\/proyectos-unicos\/pequeno-duplex\/?lang=es\" \/>\r\n<meta property=\"og:site_name\" content=\"Ferrol Cultura\" \/>\r\n<meta property=\"article:publisher\" content=\"https:\/\/www.facebook.com\/ConcellodeFerrol\" \/>\r\n<meta property=\"article:modified_time\" content=\"2023-04-24T11:27:40+00:00\" \/>\r\n<meta property=\"og:image\" content=\"http:\/\/www.ferrolcultura.gal\/wp-content\/uploads\/2023\/03\/duplex.jpg\" \/>\r\n<meta name=\"twitter:card\" content=\"summary_large_image\" \/>\r\n<meta name=\"twitter:site\" content=\"@ferroloficial\" \/>\r\n<script type=\"application\/ld+json\" class=\"yoast-schema-graph\">{\"@context\":\"https:\/\/schema.org\",\"@graph\":[{\"@type\":\"WebPage\",\"@id\":\"https:\/\/www.ferrolcultura.gal\/index.php\/proyectos-unicos\/pequeno-duplex\/?lang=es\",\"url\":\"https:\/\/www.ferrolcultura.gal\/index.php\/proyectos-unicos\/pequeno-duplex\/?lang=es\",\"name\":\"Petis D\u00faplex - Ferrol Cultura\",\"isPartOf\":{\"@id\":\"https:\/\/www.ferrolcultura.gal\/#website\"},\"primaryImageOfPage\":{\"@id\":\"https:\/\/www.ferrolcultura.gal\/index.php\/proyectos-unicos\/pequeno-duplex\/?lang=es#primaryimage\"},\"image\":{\"@id\":\"https:\/\/www.ferrolcultura.gal\/index.php\/proyectos-unicos\/pequeno-duplex\/?lang=es#primaryimage\"},\"thumbnailUrl\":\"http:\/\/www.ferrolcultura.gal\/wp-content\/uploads\/2023\/03\/duplex.jpg\",\"datePublished\":\"2023-03-20T08:58:19+00:00\",\"dateModified\":\"2023-04-24T11:27:40+00:00\",\"breadcrumb\":{\"@id\":\"https:\/\/www.ferrolcultura.gal\/index.php\/proyectos-unicos\/pequeno-duplex\/?lang=es#breadcrumb\"},\"inLanguage\":\"gl-ES\",\"potentialAction\":[{\"@type\":\"ReadAction\",\"target\":[\"https:\/\/www.ferrolcultura.gal\/index.php\/proyectos-unicos\/pequeno-duplex\/?lang=es\"]}]},{\"@type\":\"ImageObject\",\"inLanguage\":\"gl-ES\",\"@id\":\"https:\/\/www.ferrolcultura.gal\/index.php\/proyectos-unicos\/pequeno-duplex\/?lang=es#primaryimage\",\"url\":\"http:\/\/www.ferrolcultura.gal\/wp-content\/uploads\/2023\/03\/duplex.jpg\",\"contentUrl\":\"http:\/\/www.ferrolcultura.gal\/wp-content\/uploads\/2023\/03\/duplex.jpg\"},{\"@type\":\"BreadcrumbList\",\"@id\":\"https:\/\/www.ferrolcultura.gal\/index.php\/proyectos-unicos\/pequeno-duplex\/?lang=es#breadcrumb\",\"itemListElement\":[{\"@type\":\"ListItem\",\"position\":1,\"name\":\"Portada\",\"item\":\"https:\/\/www.ferrolcultura.gal\/\"},{\"@type\":\"ListItem\",\"position\":2,\"name\":\"Proyectos singulares\",\"item\":\"https:\/\/www.ferrolcultura.gal\/index.php\/proyectos-unicos\/\"},{\"@type\":\"ListItem\",\"position\":3,\"name\":\"Petis D\u00faplex\"}]},{\"@type\":\"WebSite\",\"@id\":\"https:\/\/www.ferrolcultura.gal\/#website\",\"url\":\"https:\/\/www.ferrolcultura.gal\/\",\"name\":\"Ferrol Cultura\",\"description\":\"P\u00e1xina de Cultura do Concello de Ferrol\",\"publisher\":{\"@id\":\"https:\/\/www.ferrolcultura.gal\/#organization\"},\"potentialAction\":[{\"@type\":\"SearchAction\",\"target\":{\"@type\":\"EntryPoint\",\"urlTemplate\":\"https:\/\/www.ferrolcultura.gal\/?s={search_term_string}\"},\"query-input\":{\"@type\":\"PropertyValueSpecification\",\"valueRequired\":true,\"valueName\":\"search_term_string\"}}],\"inLanguage\":\"gl-ES\"},{\"@type\":\"Organization\",\"@id\":\"https:\/\/www.ferrolcultura.gal\/#organization\",\"name\":\"Concello de Ferrol\",\"url\":\"https:\/\/www.ferrolcultura.gal\/\",\"logo\":{\"@type\":\"ImageObject\",\"inLanguage\":\"gl-ES\",\"@id\":\"https:\/\/www.ferrolcultura.gal\/#\/schema\/logo\/image\/\",\"url\":\"http:\/\/www.ferrolcultura.gal\/wp-content\/uploads\/2023\/03\/Concello-de-Ferrol-Cultura.png\",\"contentUrl\":\"http:\/\/www.ferrolcultura.gal\/wp-content\/uploads\/2023\/03\/Concello-de-Ferrol-Cultura.png\",\"width\":3033,\"height\":419,\"caption\":\"Concello de Ferrol\"},\"image\":{\"@id\":\"https:\/\/www.ferrolcultura.gal\/#\/schema\/logo\/image\/\"},\"sameAs\":[\"https:\/\/www.facebook.com\/ConcellodeFerrol\",\"https:\/\/x.com\/ferroloficial\",\"https:\/\/www.instagram.com\/concellodeferrol\",\"https:\/\/youtube.com\/@ferrolcultura\"]}]}<\/script>\r\n<!-- \/ Yoast SEO plugin. -->","yoast_head_json":{"title":"Petis D\u00faplex - Ferrol Cultura","robots":{"index":"index","follow":"follow","max-snippet":"max-snippet:-1","max-image-preview":"max-image-preview:large","max-video-preview":"max-video-preview:-1"},"canonical":"https:\/\/www.ferrolcultura.gal\/index.php\/proyectos-unicos\/pequeno-duplex\/","og_locale":"gl_ES","og_type":"article","og_title":"Petis D\u00faplex - Ferrol Cultura","og_description":"El ciclo de cine infantil Petis Duplex nace del acuerdo entre el Ayuntamiento de Ferrol y los Cines Duplex para acercar al p\u00fablico ferrolano las mejores pel\u00edculas para ni\u00f1os y ni\u00f1as. Las proyecciones, que suelen realizarse los domingos, son gratuitas....","og_url":"https:\/\/www.ferrolcultura.gal\/index.php\/proyectos-unicos\/pequeno-duplex\/?lang=es","og_site_name":"Ferrol Cultura","article_publisher":"https:\/\/www.facebook.com\/ConcellodeFerrol","article_modified_time":"2023-04-24T11:27:40+00:00","og_image":[{"url":"http:\/\/www.ferrolcultura.gal\/wp-content\/uploads\/2023\/03\/duplex.jpg","type":"","width":"","height":""}],"twitter_card":"summary_large_image","twitter_site":"@ferroloficial","schema":{"@context":"https:\/\/schema.org","@graph":[{"@type":"WebPage","@id":"https:\/\/www.ferrolcultura.gal\/index.php\/proyectos-unicos\/pequeno-duplex\/?lang=es","url":"https:\/\/www.ferrolcultura.gal\/index.php\/proyectos-unicos\/pequeno-duplex\/?lang=es","name":"Petis D\u00faplex - Ferrol Cultura","isPartOf":{"@id":"https:\/\/www.ferrolcultura.gal\/#website"},"primaryImageOfPage":{"@id":"https:\/\/www.ferrolcultura.gal\/index.php\/proyectos-unicos\/pequeno-duplex\/?lang=es#primaryimage"},"image":{"@id":"https:\/\/www.ferrolcultura.gal\/index.php\/proyectos-unicos\/pequeno-duplex\/?lang=es#primaryimage"},"thumbnailUrl":"http:\/\/www.ferrolcultura.gal\/wp-content\/uploads\/2023\/03\/duplex.jpg","datePublished":"2023-03-20T08:58:19+00:00","dateModified":"2023-04-24T11:27:40+00:00","breadcrumb":{"@id":"https:\/\/www.ferrolcultura.gal\/index.php\/proyectos-unicos\/pequeno-duplex\/?lang=es#breadcrumb"},"inLanguage":"gl-ES","potentialAction":[{"@type":"ReadAction","target":["https:\/\/www.ferrolcultura.gal\/index.php\/proyectos-unicos\/pequeno-duplex\/?lang=es"]}]},{"@type":"ImageObject","inLanguage":"gl-ES","@id":"https:\/\/www.ferrolcultura.gal\/index.php\/proyectos-unicos\/pequeno-duplex\/?lang=es#primaryimage","url":"http:\/\/www.ferrolcultura.gal\/wp-content\/uploads\/2023\/03\/duplex.jpg","contentUrl":"http:\/\/www.ferrolcultura.gal\/wp-content\/uploads\/2023\/03\/duplex.jpg"},{"@type":"BreadcrumbList","@id":"https:\/\/www.ferrolcultura.gal\/index.php\/proyectos-unicos\/pequeno-duplex\/?lang=es#breadcrumb","itemListElement":[{"@type":"ListItem","position":1,"name":"Portada","item":"https:\/\/www.ferrolcultura.gal\/"},{"@type":"ListItem","position":2,"name":"Proyectos singulares","item":"https:\/\/www.ferrolcultura.gal\/index.php\/proyectos-unicos\/"},{"@type":"ListItem","position":3,"name":"Petis D\u00faplex"}]},{"@type":"WebSite","@id":"https:\/\/www.ferrolcultura.gal\/#website","url":"https:\/\/www.ferrolcultura.gal\/","name":"Ferrol Cultura","description":"P\u00e1xina de Cultura do Concello de Ferrol","publisher":{"@id":"https:\/\/www.ferrolcultura.gal\/#organization"},"potentialAction":[{"@type":"SearchAction","target":{"@type":"EntryPoint","urlTemplate":"https:\/\/www.ferrolcultura.gal\/?s={search_term_string}"},"query-input":{"@type":"PropertyValueSpecification","valueRequired":true,"valueName":"search_term_string"}}],"inLanguage":"gl-ES"},{"@type":"Organization","@id":"https:\/\/www.ferrolcultura.gal\/#organization","name":"Concello de Ferrol","url":"https:\/\/www.ferrolcultura.gal\/","logo":{"@type":"ImageObject","inLanguage":"gl-ES","@id":"https:\/\/www.ferrolcultura.gal\/#\/schema\/logo\/image\/","url":"http:\/\/www.ferrolcultura.gal\/wp-content\/uploads\/2023\/03\/Concello-de-Ferrol-Cultura.png","contentUrl":"http:\/\/www.ferrolcultura.gal\/wp-content\/uploads\/2023\/03\/Concello-de-Ferrol-Cultura.png","width":3033,"height":419,"caption":"Concello de Ferrol"},"image":{"@id":"https:\/\/www.ferrolcultura.gal\/#\/schema\/logo\/image\/"},"sameAs":["https:\/\/www.facebook.com\/ConcellodeFerrol","https:\/\/x.com\/ferroloficial","https:\/\/www.instagram.com\/concellodeferrol","https:\/\/youtube.com\/@ferrolcultura"]}]}},"_links":{"self":[{"href":"https:\/\/www.ferrolcultura.gal\/index.php\/wp-json\/wp\/v2\/pages\/4084","targetHints":{"allow":["GET"]}}],"collection":[{"href":"https:\/\/www.ferrolcultura.gal\/index.php\/wp-json\/wp\/v2\/pages"}],"about":[{"href":"https:\/\/www.ferrolcultura.gal\/index.php\/wp-json\/wp\/v2\/types\/page"}],"author":[{"embeddable":true,"href":"https:\/\/www.ferrolcultura.gal\/index.php\/wp-json\/wp\/v2\/users\/7"}],"replies":[{"embeddable":true,"href":"https:\/\/www.ferrolcultura.gal\/index.php\/wp-json\/wp\/v2\/comments?post=4084"}],"version-history":[{"count":0,"href":"https:\/\/www.ferrolcultura.gal\/index.php\/wp-json\/wp\/v2\/pages\/4084\/revisions"}],"up":[{"embeddable":true,"href":"https:\/\/www.ferrolcultura.gal\/index.php\/wp-json\/wp\/v2\/pages\/4057"}],"wp:attachment":[{"href":"https:\/\/www.ferrolcultura.gal\/index.php\/wp-json\/wp\/v2\/media?parent=4084"}],"curies":[{"name":"wp","href":"https:\/\/api.w.org\/{rel}","templated":true}]}}

Petis Dúplex

<p>El ciclo de cine infantil <a rel="noreferrer noopener" href="https://www.duplexcinema.com/es/ciclo/petis-duplex" data-type="URL" data-id="https://www.duplexcinema.com/es/ciclo/petis-duplex" target="_blank">Petis Duplex</a> nace del acuerdo entre el Ayuntamiento de Ferrol y los Cines Duplex para acercar al público ferrolano las mejores películas para niños y niñas. Las proyecciones, que suelen realizarse los domingos, son gratuitas.</p>
<div class="wp-block-image">
<figure class="aligncenter size-full"><img loading="lazy" decoding="async" width="695" height="472" src="http://www.ferrolcultura.gal/wp-content/uploads/2023/03/duplex.jpg" alt="" class="wp-image-3291"/></figure>
</div>
<p>Más información:</p>

<p><a rel="noreferrer noopener" href="https://www.duplexcinema.com/es/ciclo/petis-duplex" data-type="URL" data-id="https://www.duplexcinema.com/es/ciclo/petis-duplex" target="_blank">https://www.duplexcinema.com/es/ciclo/petis-duplex</a></p>

<p>El ciclo de cine infantil Petis Duplex nace del acuerdo entre el Ayuntamiento de Ferrol y los Cines Duplex para acercar al público ferrolano las mejores películas para niños y niñas. Las proyecciones, que suelen realizarse los domingos, son gratuitas&#8230;.</p>

<!-- This site is optimized with the Yoast SEO plugin v27.0 - https://yoast.com/product/yoast-seo-wordpress/ -->
<title>Petis Dúplex - Ferrol Cultura</title>
<meta name="robots" content="index, follow, max-snippet:-1, max-image-preview:large, max-video-preview:-1" />
<link rel="canonical" href="https://www.ferrolcultura.gal/index.php/proyectos-unicos/pequeno-duplex/" />
<meta property="og:locale" content="gl_ES" />
<meta property="og:type" content="article" />
<meta property="og:title" content="Petis Dúplex - Ferrol Cultura" />
<meta property="og:description" content="El ciclo de cine infantil Petis Duplex nace del acuerdo entre el Ayuntamiento de Ferrol y los Cines Duplex para acercar al público ferrolano las mejores películas para niños y niñas. Las proyecciones, que suelen realizarse los domingos, son gratuitas...." />
<meta property="og:url" content="https://www.ferrolcultura.gal/index.php/proyectos-unicos/pequeno-duplex/?lang=es" />
<meta property="og:site_name" content="Ferrol Cultura" />
<meta property="article:publisher" content="https://www.facebook.com/ConcellodeFerrol" />
<meta property="article:modified_time" content="2023-04-24T11:27:40+00:00" />
<meta property="og:image" content="http://www.ferrolcultura.gal/wp-content/uploads/2023/03/duplex.jpg" />
<meta name="twitter:card" content="summary_large_image" />
<meta name="twitter:site" content="@ferroloficial" />
<script type="application/ld+json" class="yoast-schema-graph">{"@context":"https://schema.org","@graph":[{"@type":"WebPage","@id":"https://www.ferrolcultura.gal/index.php/proyectos-unicos/pequeno-duplex/?lang=es","url":"https://www.ferrolcultura.gal/index.php/proyectos-unicos/pequeno-duplex/?lang=es","name":"Petis Dúplex - Ferrol Cultura","isPartOf":{"@id":"https://www.ferrolcultura.gal/#website"},"primaryImageOfPage":{"@id":"https://www.ferrolcultura.gal/index.php/proyectos-unicos/pequeno-duplex/?lang=es#primaryimage"},"image":{"@id":"https://www.ferrolcultura.gal/index.php/proyectos-unicos/pequeno-duplex/?lang=es#primaryimage"},"thumbnailUrl":"http://www.ferrolcultura.gal/wp-content/uploads/2023/03/duplex.jpg","datePublished":"2023-03-20T08:58:19+00:00","dateModified":"2023-04-24T11:27:40+00:00","breadcrumb":{"@id":"https://www.ferrolcultura.gal/index.php/proyectos-unicos/pequeno-duplex/?lang=es#breadcrumb"},"inLanguage":"gl-ES","potentialAction":[{"@type":"ReadAction","target":["https://www.ferrolcultura.gal/index.php/proyectos-unicos/pequeno-duplex/?lang=es"]}]},{"@type":"ImageObject","inLanguage":"gl-ES","@id":"https://www.ferrolcultura.gal/index.php/proyectos-unicos/pequeno-duplex/?lang=es#primaryimage","url":"http://www.ferrolcultura.gal/wp-content/uploads/2023/03/duplex.jpg","contentUrl":"http://www.ferrolcultura.gal/wp-content/uploads/2023/03/duplex.jpg"},{"@type":"BreadcrumbList","@id":"https://www.ferrolcultura.gal/index.php/proyectos-unicos/pequeno-duplex/?lang=es#breadcrumb","itemListElement":[{"@type":"ListItem","position":1,"name":"Portada","item":"https://www.ferrolcultura.gal/"},{"@type":"ListItem","position":2,"name":"Proyectos singulares","item":"https://www.ferrolcultura.gal/index.php/proyectos-unicos/"},{"@type":"ListItem","position":3,"name":"Petis Dúplex"}]},{"@type":"WebSite","@id":"https://www.ferrolcultura.gal/#website","url":"https://www.ferrolcultura.gal/","name":"Ferrol Cultura","description":"Páxina de Cultura do Concello de Ferrol","publisher":{"@id":"https://www.ferrolcultura.gal/#organization"},"potentialAction":[{"@type":"SearchAction","target":{"@type":"EntryPoint","urlTemplate":"https://www.ferrolcultura.gal/?s={search_term_string}"},"query-input":{"@type":"PropertyValueSpecification","valueRequired":true,"valueName":"search_term_string"}}],"inLanguage":"gl-ES"},{"@type":"Organization","@id":"https://www.ferrolcultura.gal/#organization","name":"Concello de Ferrol","url":"https://www.ferrolcultura.gal/","logo":{"@type":"ImageObject","inLanguage":"gl-ES","@id":"https://www.ferrolcultura.gal/#/schema/logo/image/","url":"http://www.ferrolcultura.gal/wp-content/uploads/2023/03/Concello-de-Ferrol-Cultura.png","contentUrl":"http://www.ferrolcultura.gal/wp-content/uploads/2023/03/Concello-de-Ferrol-Cultura.png","width":3033,"height":419,"caption":"Concello de Ferrol"},"image":{"@id":"https://www.ferrolcultura.gal/#/schema/logo/image/"},"sameAs":["https://www.facebook.com/ConcellodeFerrol","https://x.com/ferroloficial","https://www.instagram.com/concellodeferrol","https://youtube.com/@ferrolcultura"]}]}</script>
<!-- / Yoast SEO plugin. -->

Petis Dúplex - Ferrol Cultura

El ciclo de cine infantil Petis Duplex nace del acuerdo entre el Ayuntamiento de Ferrol y los Cines Duplex para acercar al público ferrolano las mejores películas para niños y niñas. Las proyecciones, que suelen realizarse los domingos, son gratuitas....

Páxina de Cultura do Concello de Ferrol
